{"id":37,"date":"2014-06-22T15:49:59","date_gmt":"2014-06-22T14:49:59","guid":{"rendered":"http:\/\/www.esdras-assurances.fr\/assurance\/?page_id=37"},"modified":"2022-05-04T12:35:57","modified_gmt":"2022-05-04T11:35:57","slug":"habitation","status":"publish","type":"page","link":"https:\/\/www.esdras-assurances.fr\/assurance\/?page_id=37","title":{"rendered":"Habitation"},"content":{"rendered":"<p style=\"color: #000000;\"><span style=\"color: #3366ff; font-size: x-large;\">Comparez par vous-m\u00eame avec quelques exemples :<\/span><\/p>\n<table border=\"3\" width=\"730\" cellspacing=\"0\" cellpadding=\"1\">\n<tbody>\n<tr>\n<th><span style=\"color: #333333; font-family: 'Times New Roman';\">Nom du Client<\/span><\/th>\n<th><span style=\"color: #333333; font-family: 'Times New Roman';\">Ville<\/span><\/th>\n<th><span style=\"color: #333333; font-family: 'Times New Roman';\">Contrat MRH (Habitat)<\/span><\/th>\n<th><span style=\"color: #333333; font-family: 'Times New Roman';\">Franchise avant<\/span><\/th>\n<th><span style=\"color: #333333; font-family: 'Times New Roman';\">Garanties Souscrites Chez ESDRAS<\/span><\/th>\n<th><span style=\"color: #333333; font-family: 'Times New Roman';\">Esdras propose<\/span><\/th>\n<th><span style=\"color: #ff6600; font-family: 'Times New Roman';\">Economie R\u00e9alis\u00e9e<\/span><\/th>\n<\/tr>\n<tr>\n<td>Mme M Elizabeth N.<\/td>\n<td>\n<div align=\"center\">Marseille<br \/>\n13<\/div>\n<\/td>\n<td>\n<div align=\"center\">360,81\u20ac<br \/>\nF5 propri\u00e9taire<\/div>\n<\/td>\n<td>\n<div align=\"center\">Avec<\/div>\n<\/td>\n<td>\n<div align=\"center\">Contrat luxe Sans franchise<\/div>\n<\/td>\n<td>\n<div align=\"center\">277,63\u20ac<\/div>\n<\/td>\n<td>\n<div align=\"center\"><strong><span style=\"color: #ff6600;\">83,18 \u20ac<\/span><\/strong><\/div>\n<\/td>\n<\/tr>\n<tr>\n<td>Mr<br \/>\nBruno M.<\/td>\n<td>\n<div align=\"center\">Woerth 67<\/div>\n<\/td>\n<td>\n<div align=\"center\">142,14 \u20ac<br \/>\nF3 locataire<\/div>\n<\/td>\n<td>\n<div align=\"center\">Avec<\/div>\n<\/td>\n<td>\n<div align=\"center\">Contrat complet<br \/>\nSans franchise<\/div>\n<\/td>\n<td>\n<div align=\"center\">66,68 \u20ac<\/div>\n<\/td>\n<td>\n<div align=\"center\"><strong><span style=\"color: #ff6600;\">75,46 \u20ac<\/span><\/strong><\/div>\n<\/td>\n<\/tr>\n<tr>\n<td>Mr<br \/>\nMICHEL F.<\/td>\n<td>\n<div align=\"center\">Epinal<br \/>\n88<\/div>\n<\/td>\n<td>\n<div align=\"center\">154, 00 \u20ac<br \/>\nF4 locataire<\/div>\n<\/td>\n<td>\n<div align=\"center\">Avec<\/div>\n<\/td>\n<td>\n<div align=\"center\">Contrat luxe<br \/>\nSans franchise<\/div>\n<\/td>\n<td>\n<div align=\"center\">69,86 \u20ac<\/div>\n<\/td>\n<td>\n<div align=\"center\"><strong><span style=\"color: #ff6600;\">84,14 \u20ac<\/span><\/strong><\/div>\n<\/td>\n<\/tr>\n<\/tbody>\n<\/table>\n<p style=\"color: #000000;\">Esdras assurances est un cabinet de courtage qui travaille en partenariat avec les compagnies les plus connues ainsi que des courtiers grossistes sp\u00e9cialis\u00e9s. Nous travaillons pour vous et cherchons celui qui correspondra le mieux \u00e0 votre profil.<\/p>\n<p style=\"color: #000000;\">En effet, vos biens aussi m\u00e9ritent la meilleure des couvertures contre les risques du quotidien.<\/p>\n<p style=\"color: #000000;\">Notre exp\u00e9rience vous permettra de trouver la meilleure garantie au bon tarif. Dans votre quotidien, nous vous proposons\u00a0un conseil\u00a0<strong>personnalis\u00e9<\/strong>\u00a0dans\u00a0<strong>la v\u00e9rit\u00e9\u00a0<\/strong>au bon moment.<\/p>\n<p>Si vous souhaitez un devis, merci de nous adresser un email \u00e0 esdras.assurances@orange.fr<\/p>\n<p><span class=\"st\">Nous vous contacterons rapidement.<\/span><\/p>\n<p><strong>Esdras Assurances<\/strong><\/p>\n","protected":false},"excerpt":{"rendered":"<p>Comparez par vous-m\u00eame avec quelques exemples : Nom du Client Ville Contrat MRH (Habitat) Franchise avant Garanties Souscrites Chez ESDRAS Esdras propose Economie R\u00e9alis\u00e9e Mme M Elizabeth N. Marseille 13 360,81\u20ac F5 propri\u00e9taire Avec Contrat luxe Sans franchise 277,63\u20ac 83,18 \u20ac Mr Bruno M. Woerth 67 142,14 \u20ac F3 locataire Avec Contrat complet Sans franchise [&hellip;]<\/p>\n","protected":false},"author":1,"featured_media":265,"parent":0,"menu_order":0,"comment_status":"closed","ping_status":"closed","template":"","meta":[],"yoast_head":"<!-- This site is optimized with the Yoast SEO plugin v18.7 - https:\/\/yoast.com\/wordpress\/plugins\/seo\/ -->\n<title>Habitation - Esdras Assurances<\/title>\n<meta name=\"robots\" content=\"index, follow, max-snippet:-1, max-image-preview:large, max-video-preview:-1\" \/>\n<link rel=\"canonical\" href=\"https:\/\/www.esdras-assurances.fr\/assurance\/?page_id=37\" \/>\n<meta property=\"og:locale\" content=\"fr_FR\" \/>\n<meta property=\"og:type\" content=\"article\" \/>\n<meta property=\"og:title\" content=\"Habitation - Esdras Assurances\" \/>\n<meta property=\"og:description\" content=\"Comparez par vous-m\u00eame avec quelques exemples : Nom du Client Ville Contrat MRH (Habitat) Franchise avant Garanties Souscrites Chez ESDRAS Esdras propose Economie R\u00e9alis\u00e9e Mme M Elizabeth N. Marseille 13 360,81\u20ac F5 propri\u00e9taire Avec Contrat luxe Sans franchise 277,63\u20ac 83,18 \u20ac Mr Bruno M. Woerth 67 142,14 \u20ac F3 locataire Avec Contrat complet Sans franchise [&hellip;]\" \/>\n<meta property=\"og:url\" content=\"https:\/\/www.esdras-assurances.fr\/assurance\/?page_id=37\" \/>\n<meta property=\"og:site_name\" content=\"Esdras Assurances\" \/>\n<meta property=\"article:modified_time\" content=\"2022-05-04T11:35:57+00:00\" \/>\n<meta property=\"og:image\" content=\"http:\/\/www.esdras-assurances.fr\/assurance\/wp-content\/uploads\/2014\/06\/maison.jpg\" \/>\n\t<meta property=\"og:image:width\" content=\"640\" \/>\n\t<meta property=\"og:image:height\" content=\"480\" \/>\n\t<meta property=\"og:image:type\" content=\"image\/jpeg\" \/>\n<meta name=\"twitter:label1\" content=\"Dur\u00e9e de lecture estim\u00e9e\" \/>\n\t<meta name=\"twitter:data1\" content=\"1 minute\" \/>\n<script type=\"application\/ld+json\" class=\"yoast-schema-graph\">{\"@context\":\"https:\/\/schema.org\",\"@graph\":[{\"@type\":\"WebSite\",\"@id\":\"https:\/\/www.esdras-assurances.fr\/assurance\/#website\",\"url\":\"https:\/\/www.esdras-assurances.fr\/assurance\/\",\"name\":\"Esdras Assurances\",\"description\":\"Nous faisons aux autres ce que nous voudrions qu&#039;ils nous fassent !\",\"potentialAction\":[{\"@type\":\"SearchAction\",\"target\":{\"@type\":\"EntryPoint\",\"urlTemplate\":\"https:\/\/www.esdras-assurances.fr\/assurance\/?s={search_term_string}\"},\"query-input\":\"required name=search_term_string\"}],\"inLanguage\":\"fr-FR\"},{\"@type\":\"ImageObject\",\"inLanguage\":\"fr-FR\",\"@id\":\"https:\/\/www.esdras-assurances.fr\/assurance\/?page_id=37#primaryimage\",\"url\":\"https:\/\/www.esdras-assurances.fr\/assurance\/wp-content\/uploads\/2014\/06\/maison.jpg\",\"contentUrl\":\"https:\/\/www.esdras-assurances.fr\/assurance\/wp-content\/uploads\/2014\/06\/maison.jpg\",\"width\":640,\"height\":480},{\"@type\":\"WebPage\",\"@id\":\"https:\/\/www.esdras-assurances.fr\/assurance\/?page_id=37#webpage\",\"url\":\"https:\/\/www.esdras-assurances.fr\/assurance\/?page_id=37\",\"name\":\"Habitation - Esdras Assurances\",\"isPartOf\":{\"@id\":\"https:\/\/www.esdras-assurances.fr\/assurance\/#website\"},\"primaryImageOfPage\":{\"@id\":\"https:\/\/www.esdras-assurances.fr\/assurance\/?page_id=37#primaryimage\"},\"datePublished\":\"2014-06-22T14:49:59+00:00\",\"dateModified\":\"2022-05-04T11:35:57+00:00\",\"breadcrumb\":{\"@id\":\"https:\/\/www.esdras-assurances.fr\/assurance\/?page_id=37#breadcrumb\"},\"inLanguage\":\"fr-FR\",\"potentialAction\":[{\"@type\":\"ReadAction\",\"target\":[\"https:\/\/www.esdras-assurances.fr\/assurance\/?page_id=37\"]}]},{\"@type\":\"BreadcrumbList\",\"@id\":\"https:\/\/www.esdras-assurances.fr\/assurance\/?page_id=37#breadcrumb\",\"itemListElement\":[{\"@type\":\"ListItem\",\"position\":1,\"name\":\"Accueil\",\"item\":\"https:\/\/www.esdras-assurances.fr\/assurance\/\"},{\"@type\":\"ListItem\",\"position\":2,\"name\":\"Habitation\"}]}]}<\/script>\n<!-- \/ Yoast SEO plugin. -->","yoast_head_json":{"title":"Habitation - Esdras Assurances","robots":{"index":"index","follow":"follow","max-snippet":"max-snippet:-1","max-image-preview":"max-image-preview:large","max-video-preview":"max-video-preview:-1"},"canonical":"https:\/\/www.esdras-assurances.fr\/assurance\/?page_id=37","og_locale":"fr_FR","og_type":"article","og_title":"Habitation - Esdras Assurances","og_description":"Comparez par vous-m\u00eame avec quelques exemples : Nom du Client Ville Contrat MRH (Habitat) Franchise avant Garanties Souscrites Chez ESDRAS Esdras propose Economie R\u00e9alis\u00e9e Mme M Elizabeth N. Marseille 13 360,81\u20ac F5 propri\u00e9taire Avec Contrat luxe Sans franchise 277,63\u20ac 83,18 \u20ac Mr Bruno M. Woerth 67 142,14 \u20ac F3 locataire Avec Contrat complet Sans franchise [&hellip;]","og_url":"https:\/\/www.esdras-assurances.fr\/assurance\/?page_id=37","og_site_name":"Esdras Assurances","article_modified_time":"2022-05-04T11:35:57+00:00","og_image":[{"width":640,"height":480,"url":"http:\/\/www.esdras-assurances.fr\/assurance\/wp-content\/uploads\/2014\/06\/maison.jpg","type":"image\/jpeg"}],"twitter_misc":{"Dur\u00e9e de lecture estim\u00e9e":"1 minute"},"schema":{"@context":"https:\/\/schema.org","@graph":[{"@type":"WebSite","@id":"https:\/\/www.esdras-assurances.fr\/assurance\/#website","url":"https:\/\/www.esdras-assurances.fr\/assurance\/","name":"Esdras Assurances","description":"Nous faisons aux autres ce que nous voudrions qu&#039;ils nous fassent !","potentialAction":[{"@type":"SearchAction","target":{"@type":"EntryPoint","urlTemplate":"https:\/\/www.esdras-assurances.fr\/assurance\/?s={search_term_string}"},"query-input":"required name=search_term_string"}],"inLanguage":"fr-FR"},{"@type":"ImageObject","inLanguage":"fr-FR","@id":"https:\/\/www.esdras-assurances.fr\/assurance\/?page_id=37#primaryimage","url":"https:\/\/www.esdras-assurances.fr\/assurance\/wp-content\/uploads\/2014\/06\/maison.jpg","contentUrl":"https:\/\/www.esdras-assurances.fr\/assurance\/wp-content\/uploads\/2014\/06\/maison.jpg","width":640,"height":480},{"@type":"WebPage","@id":"https:\/\/www.esdras-assurances.fr\/assurance\/?page_id=37#webpage","url":"https:\/\/www.esdras-assurances.fr\/assurance\/?page_id=37","name":"Habitation - Esdras Assurances","isPartOf":{"@id":"https:\/\/www.esdras-assurances.fr\/assurance\/#website"},"primaryImageOfPage":{"@id":"https:\/\/www.esdras-assurances.fr\/assurance\/?page_id=37#primaryimage"},"datePublished":"2014-06-22T14:49:59+00:00","dateModified":"2022-05-04T11:35:57+00:00","breadcrumb":{"@id":"https:\/\/www.esdras-assurances.fr\/assurance\/?page_id=37#breadcrumb"},"inLanguage":"fr-FR","potentialAction":[{"@type":"ReadAction","target":["https:\/\/www.esdras-assurances.fr\/assurance\/?page_id=37"]}]},{"@type":"BreadcrumbList","@id":"https:\/\/www.esdras-assurances.fr\/assurance\/?page_id=37#breadcrumb","itemListElement":[{"@type":"ListItem","position":1,"name":"Accueil","item":"https:\/\/www.esdras-assurances.fr\/assurance\/"},{"@type":"ListItem","position":2,"name":"Habitation"}]}]}},"_links":{"self":[{"href":"https:\/\/www.esdras-assurances.fr\/assurance\/index.php?rest_route=\/wp\/v2\/pages\/37"}],"collection":[{"href":"https:\/\/www.esdras-assurances.fr\/assurance\/index.php?rest_route=\/wp\/v2\/pages"}],"about":[{"href":"https:\/\/www.esdras-assurances.fr\/assurance\/index.php?rest_route=\/wp\/v2\/types\/page"}],"author":[{"embeddable":true,"href":"https:\/\/www.esdras-assurances.fr\/assurance\/index.php?rest_route=\/wp\/v2\/users\/1"}],"replies":[{"embeddable":true,"href":"https:\/\/www.esdras-assurances.fr\/assurance\/index.php?rest_route=%2Fwp%2Fv2%2Fcomments&post=37"}],"version-history":[{"count":5,"href":"https:\/\/www.esdras-assurances.fr\/assurance\/index.php?rest_route=\/wp\/v2\/pages\/37\/revisions"}],"predecessor-version":[{"id":356,"href":"https:\/\/www.esdras-assurances.fr\/assurance\/index.php?rest_route=\/wp\/v2\/pages\/37\/revisions\/356"}],"wp:featuredmedia":[{"embeddable":true,"href":"https:\/\/www.esdras-assurances.fr\/assurance\/index.php?rest_route=\/wp\/v2\/media\/265"}],"wp:attachment":[{"href":"https:\/\/www.esdras-assurances.fr\/assurance\/index.php?rest_route=%2Fwp%2Fv2%2Fmedia&parent=37"}],"curies":[{"name":"wp","href":"https:\/\/api.w.org\/{rel}","templated":true}]}}