{"id":51,"date":"2014-06-22T16:05:26","date_gmt":"2014-06-22T15:05:26","guid":{"rendered":"http:\/\/www.esdras-assurances.fr\/assurance\/?page_id=51"},"modified":"2022-05-04T12:37:30","modified_gmt":"2022-05-04T11:37:30","slug":"assurance-scolaire","status":"publish","type":"page","link":"https:\/\/www.esdras-assurances.fr\/assurance\/?page_id=51","title":{"rendered":"Assurance scolaire"},"content":{"rendered":"<p style=\"color: #000000;\">De la\u00a0maternelle \u00e0 la fac jusqu&rsquo;\u00e0 vos 30 ans (si \u00e9tudiant), l&rsquo;assurance scolaire est n\u00e9cessaire pour prot\u00e9ger votre enfant \u00e0 l&rsquo;\u00e9cole mais aussi pendant ses activit\u00e9s extra-scolaires tels que voyages scolaires ou s\u00e9jours linguistiques.<br \/>\nEn pratique, seule la responsabilit\u00e9 civile suffit, l&rsquo;assurance extra-scolaire \u00e9tant facultatvive. Mais nous vous la proposons pour r\u00e9pondre aux exigences des \u00e9coles qui souvent l&rsquo;imposent de fait.<\/p>\n<p style=\"color: #000000;\">La couverture scolaire prend deux formes :<\/p>\n<ul style=\"color: #000000;\">\n<li>la garantie de responsabilit\u00e9 civile, qui couvre les cons\u00e9quences des dommages caus\u00e9s par l\u2019enfant \u00e0 un tiers.<\/li>\n<li>la garantie individuelle accidents, qui couvre les dommages subis par l\u2019enfant qu\u2019il y ait un responsable ou non.<\/li>\n<\/ul>\n<p style=\"color: #000000;\">Esdras Assurances vous fournit\u00a0<strong><span style=\"color: #ff6600;\">la couverture appropri\u00e9e<\/span><\/strong>\u00a0\u00e0 vos besoins concernant les activit\u00e9s scolaires et extra-scolaires de vos enfants.<br \/>\nNous pouvons inclure cette couverture dans votre contrat habitation ou de mani\u00e8re s\u00e9par\u00e9e.<\/p>\n<p style=\"color: #000000;\">\u00a0<a href=\"http:\/\/www.esdras-assurances.fr\/assurance\/wp-content\/uploads\/2014\/06\/image_125.jpg\"><img loading=\"lazy\" class=\"size-full wp-image-52 aligncenter\" src=\"http:\/\/www.esdras-assurances.fr\/assurance\/wp-content\/uploads\/2014\/06\/image_125.jpg\" alt=\"image_125\" width=\"300\" height=\"225\" srcset=\"https:\/\/www.esdras-assurances.fr\/assurance\/wp-content\/uploads\/2014\/06\/image_125.jpg 300w, https:\/\/www.esdras-assurances.fr\/assurance\/wp-content\/uploads\/2014\/06\/image_125-100x75.jpg 100w, https:\/\/www.esdras-assurances.fr\/assurance\/wp-content\/uploads\/2014\/06\/image_125-150x112.jpg 150w, https:\/\/www.esdras-assurances.fr\/assurance\/wp-content\/uploads\/2014\/06\/image_125-200x150.jpg 200w\" sizes=\"(max-width: 300px) 100vw, 300px\" \/><\/a><\/p>\n<p>Si vous souhaitez un devis, merci de nous adresser un email \u00e0 esdras.assurances@orange.fr<\/p>\n<p><span class=\"st\">Nous vous contacterons rapidement.<\/span><\/p>\n<p><strong>Esdras Assurances<\/strong><\/p>\n","protected":false},"excerpt":{"rendered":"<p>De la\u00a0maternelle \u00e0 la fac jusqu&rsquo;\u00e0 vos 30 ans (si \u00e9tudiant), l&rsquo;assurance scolaire est n\u00e9cessaire pour prot\u00e9ger votre enfant \u00e0 l&rsquo;\u00e9cole mais aussi pendant ses activit\u00e9s extra-scolaires tels que voyages scolaires ou s\u00e9jours linguistiques. En pratique, seule la responsabilit\u00e9 civile suffit, l&rsquo;assurance extra-scolaire \u00e9tant facultatvive. Mais nous vous la proposons pour r\u00e9pondre aux exigences des [&hellip;]<\/p>\n","protected":false},"author":1,"featured_media":0,"parent":0,"menu_order":0,"comment_status":"closed","ping_status":"closed","template":"","meta":[],"yoast_head":"<!-- This site is optimized with the Yoast SEO plugin v18.7 - https:\/\/yoast.com\/wordpress\/plugins\/seo\/ -->\n<title>Assurance scolaire - Esdras Assurances<\/title>\n<meta name=\"robots\" content=\"index, follow, max-snippet:-1, max-image-preview:large, max-video-preview:-1\" \/>\n<link rel=\"canonical\" href=\"https:\/\/www.esdras-assurances.fr\/assurance\/?page_id=51\" \/>\n<meta property=\"og:locale\" content=\"fr_FR\" \/>\n<meta property=\"og:type\" content=\"article\" \/>\n<meta property=\"og:title\" content=\"Assurance scolaire - Esdras Assurances\" \/>\n<meta property=\"og:description\" content=\"De la\u00a0maternelle \u00e0 la fac jusqu&rsquo;\u00e0 vos 30 ans (si \u00e9tudiant), l&rsquo;assurance scolaire est n\u00e9cessaire pour prot\u00e9ger votre enfant \u00e0 l&rsquo;\u00e9cole mais aussi pendant ses activit\u00e9s extra-scolaires tels que voyages scolaires ou s\u00e9jours linguistiques. En pratique, seule la responsabilit\u00e9 civile suffit, l&rsquo;assurance extra-scolaire \u00e9tant facultatvive. Mais nous vous la proposons pour r\u00e9pondre aux exigences des [&hellip;]\" \/>\n<meta property=\"og:url\" content=\"https:\/\/www.esdras-assurances.fr\/assurance\/?page_id=51\" \/>\n<meta property=\"og:site_name\" content=\"Esdras Assurances\" \/>\n<meta property=\"article:modified_time\" content=\"2022-05-04T11:37:30+00:00\" \/>\n<meta property=\"og:image\" content=\"http:\/\/www.esdras-assurances.fr\/assurance\/wp-content\/uploads\/2014\/06\/image_125.jpg\" \/>\n<meta name=\"twitter:label1\" content=\"Dur\u00e9e de lecture estim\u00e9e\" \/>\n\t<meta name=\"twitter:data1\" content=\"1 minute\" \/>\n<script type=\"application\/ld+json\" class=\"yoast-schema-graph\">{\"@context\":\"https:\/\/schema.org\",\"@graph\":[{\"@type\":\"WebSite\",\"@id\":\"https:\/\/www.esdras-assurances.fr\/assurance\/#website\",\"url\":\"https:\/\/www.esdras-assurances.fr\/assurance\/\",\"name\":\"Esdras Assurances\",\"description\":\"Nous faisons aux autres ce que nous voudrions qu&#039;ils nous fassent !\",\"potentialAction\":[{\"@type\":\"SearchAction\",\"target\":{\"@type\":\"EntryPoint\",\"urlTemplate\":\"https:\/\/www.esdras-assurances.fr\/assurance\/?s={search_term_string}\"},\"query-input\":\"required name=search_term_string\"}],\"inLanguage\":\"fr-FR\"},{\"@type\":\"ImageObject\",\"inLanguage\":\"fr-FR\",\"@id\":\"https:\/\/www.esdras-assurances.fr\/assurance\/?page_id=51#primaryimage\",\"url\":\"https:\/\/www.esdras-assurances.fr\/assurance\/wp-content\/uploads\/2014\/06\/image_125.jpg\",\"contentUrl\":\"https:\/\/www.esdras-assurances.fr\/assurance\/wp-content\/uploads\/2014\/06\/image_125.jpg\",\"width\":300,\"height\":225},{\"@type\":\"WebPage\",\"@id\":\"https:\/\/www.esdras-assurances.fr\/assurance\/?page_id=51#webpage\",\"url\":\"https:\/\/www.esdras-assurances.fr\/assurance\/?page_id=51\",\"name\":\"Assurance scolaire - Esdras Assurances\",\"isPartOf\":{\"@id\":\"https:\/\/www.esdras-assurances.fr\/assurance\/#website\"},\"primaryImageOfPage\":{\"@id\":\"https:\/\/www.esdras-assurances.fr\/assurance\/?page_id=51#primaryimage\"},\"datePublished\":\"2014-06-22T15:05:26+00:00\",\"dateModified\":\"2022-05-04T11:37:30+00:00\",\"breadcrumb\":{\"@id\":\"https:\/\/www.esdras-assurances.fr\/assurance\/?page_id=51#breadcrumb\"},\"inLanguage\":\"fr-FR\",\"potentialAction\":[{\"@type\":\"ReadAction\",\"target\":[\"https:\/\/www.esdras-assurances.fr\/assurance\/?page_id=51\"]}]},{\"@type\":\"BreadcrumbList\",\"@id\":\"https:\/\/www.esdras-assurances.fr\/assurance\/?page_id=51#breadcrumb\",\"itemListElement\":[{\"@type\":\"ListItem\",\"position\":1,\"name\":\"Accueil\",\"item\":\"https:\/\/www.esdras-assurances.fr\/assurance\/\"},{\"@type\":\"ListItem\",\"position\":2,\"name\":\"Assurance scolaire\"}]}]}<\/script>\n<!-- \/ Yoast SEO plugin. -->","yoast_head_json":{"title":"Assurance scolaire - Esdras Assurances","robots":{"index":"index","follow":"follow","max-snippet":"max-snippet:-1","max-image-preview":"max-image-preview:large","max-video-preview":"max-video-preview:-1"},"canonical":"https:\/\/www.esdras-assurances.fr\/assurance\/?page_id=51","og_locale":"fr_FR","og_type":"article","og_title":"Assurance scolaire - Esdras Assurances","og_description":"De la\u00a0maternelle \u00e0 la fac jusqu&rsquo;\u00e0 vos 30 ans (si \u00e9tudiant), l&rsquo;assurance scolaire est n\u00e9cessaire pour prot\u00e9ger votre enfant \u00e0 l&rsquo;\u00e9cole mais aussi pendant ses activit\u00e9s extra-scolaires tels que voyages scolaires ou s\u00e9jours linguistiques. En pratique, seule la responsabilit\u00e9 civile suffit, l&rsquo;assurance extra-scolaire \u00e9tant facultatvive. Mais nous vous la proposons pour r\u00e9pondre aux exigences des [&hellip;]","og_url":"https:\/\/www.esdras-assurances.fr\/assurance\/?page_id=51","og_site_name":"Esdras Assurances","article_modified_time":"2022-05-04T11:37:30+00:00","og_image":[{"url":"http:\/\/www.esdras-assurances.fr\/assurance\/wp-content\/uploads\/2014\/06\/image_125.jpg"}],"twitter_misc":{"Dur\u00e9e de lecture estim\u00e9e":"1 minute"},"schema":{"@context":"https:\/\/schema.org","@graph":[{"@type":"WebSite","@id":"https:\/\/www.esdras-assurances.fr\/assurance\/#website","url":"https:\/\/www.esdras-assurances.fr\/assurance\/","name":"Esdras Assurances","description":"Nous faisons aux autres ce que nous voudrions qu&#039;ils nous fassent !","potentialAction":[{"@type":"SearchAction","target":{"@type":"EntryPoint","urlTemplate":"https:\/\/www.esdras-assurances.fr\/assurance\/?s={search_term_string}"},"query-input":"required name=search_term_string"}],"inLanguage":"fr-FR"},{"@type":"ImageObject","inLanguage":"fr-FR","@id":"https:\/\/www.esdras-assurances.fr\/assurance\/?page_id=51#primaryimage","url":"https:\/\/www.esdras-assurances.fr\/assurance\/wp-content\/uploads\/2014\/06\/image_125.jpg","contentUrl":"https:\/\/www.esdras-assurances.fr\/assurance\/wp-content\/uploads\/2014\/06\/image_125.jpg","width":300,"height":225},{"@type":"WebPage","@id":"https:\/\/www.esdras-assurances.fr\/assurance\/?page_id=51#webpage","url":"https:\/\/www.esdras-assurances.fr\/assurance\/?page_id=51","name":"Assurance scolaire - Esdras Assurances","isPartOf":{"@id":"https:\/\/www.esdras-assurances.fr\/assurance\/#website"},"primaryImageOfPage":{"@id":"https:\/\/www.esdras-assurances.fr\/assurance\/?page_id=51#primaryimage"},"datePublished":"2014-06-22T15:05:26+00:00","dateModified":"2022-05-04T11:37:30+00:00","breadcrumb":{"@id":"https:\/\/www.esdras-assurances.fr\/assurance\/?page_id=51#breadcrumb"},"inLanguage":"fr-FR","potentialAction":[{"@type":"ReadAction","target":["https:\/\/www.esdras-assurances.fr\/assurance\/?page_id=51"]}]},{"@type":"BreadcrumbList","@id":"https:\/\/www.esdras-assurances.fr\/assurance\/?page_id=51#breadcrumb","itemListElement":[{"@type":"ListItem","position":1,"name":"Accueil","item":"https:\/\/www.esdras-assurances.fr\/assurance\/"},{"@type":"ListItem","position":2,"name":"Assurance scolaire"}]}]}},"_links":{"self":[{"href":"https:\/\/www.esdras-assurances.fr\/assurance\/index.php?rest_route=\/wp\/v2\/pages\/51"}],"collection":[{"href":"https:\/\/www.esdras-assurances.fr\/assurance\/index.php?rest_route=\/wp\/v2\/pages"}],"about":[{"href":"https:\/\/www.esdras-assurances.fr\/assurance\/index.php?rest_route=\/wp\/v2\/types\/page"}],"author":[{"embeddable":true,"href":"https:\/\/www.esdras-assurances.fr\/assurance\/index.php?rest_route=\/wp\/v2\/users\/1"}],"replies":[{"embeddable":true,"href":"https:\/\/www.esdras-assurances.fr\/assurance\/index.php?rest_route=%2Fwp%2Fv2%2Fcomments&post=51"}],"version-history":[{"count":4,"href":"https:\/\/www.esdras-assurances.fr\/assurance\/index.php?rest_route=\/wp\/v2\/pages\/51\/revisions"}],"predecessor-version":[{"id":359,"href":"https:\/\/www.esdras-assurances.fr\/assurance\/index.php?rest_route=\/wp\/v2\/pages\/51\/revisions\/359"}],"wp:attachment":[{"href":"https:\/\/www.esdras-assurances.fr\/assurance\/index.php?rest_route=%2Fwp%2Fv2%2Fmedia&parent=51"}],"curies":[{"name":"wp","href":"https:\/\/api.w.org\/{rel}","templated":true}]}}