{"id":77,"date":"2014-06-23T14:01:55","date_gmt":"2014-06-23T13:01:55","guid":{"rendered":"http:\/\/www.esdras-assurances.fr\/assurance\/?page_id=77"},"modified":"2014-07-02T14:04:23","modified_gmt":"2014-07-02T13:04:23","slug":"professionnels-2","status":"publish","type":"page","link":"https:\/\/www.esdras-assurances.fr\/assurance\/?page_id=77","title":{"rendered":"Professionnels"},"content":{"rendered":"<table border=\"0\" width=\"100%\" cellspacing=\"0\" cellpadding=\"0\" align=\"center\">\n<tbody>\n<tr>\n<td>\n<p align=\"center\"><span style=\"color: #ff6600; font-family: 'Times New Roman'; font-size: medium;\"><strong>Poss\u00e9der une assurance pour vous et pour vos biens est devenu essentiel (et parfois m\u00eame obligatoire),<br \/>\nmais quel partenaire vous apportera la bonne garantie, au bon moment?<\/strong><\/span><\/p>\n<p align=\"center\"><span style=\"color: #3366ff;\"><span style=\"color: #ff6600; font-family: 'Times New Roman'; font-size: medium;\"><strong>Esdras Assurances est l\u00e0 pour vous \u00e9couter et vous conseiller dans tous ces domaines !<\/strong><\/span><br \/>\n<\/span><\/p>\n<p>&nbsp;<\/p>\n<table width=\"100%\" cellspacing=\"0\" cellpadding=\"0\">\n<tbody>\n<tr valign=\"top\">\n<td width=\"25%\"><img loading=\"lazy\" class=\"size-full wp-image-79 aligncenter\" src=\"http:\/\/www.esdras-assurances.fr\/assurance\/wp-content\/uploads\/2014\/06\/image_138.jpg\" alt=\"image_138\" width=\"89\" height=\"67\" \/><\/td>\n<td width=\"75%\"><a title=\"Mutuelle de groupe\" href=\"http:\/\/www.esdras-assurances.fr\/assurance\/?page_id=87\">Mutuelle de groupe<\/a><br \/>\nCouvrez vos employ\u00e9s au quotidien<\/td>\n<\/tr>\n<tr>\n<td width=\"25%\">\n<p align=\"center\"><a href=\"http:\/\/www.esdras-assurances.fr\/assurance\/wp-content\/uploads\/2014\/06\/image_153.jpg\"><img loading=\"lazy\" class=\"alignnone size-full wp-image-78\" src=\"http:\/\/www.esdras-assurances.fr\/assurance\/wp-content\/uploads\/2014\/06\/image_153.jpg\" alt=\"image_153\" width=\"89\" height=\"59\" \/><\/a><\/p>\n<\/td>\n<td><a title=\"contrat flotte\" href=\"http:\/\/www.esdras-assurances.fr\/assurance\/?page_id=89\">Contrat flotte<\/a><br \/>\nUne gamme de produits pour votre flotte de v\u00e9hicule quelle que soit son importance<\/td>\n<\/tr>\n<tr>\n<td width=\"25%\">\n<p align=\"center\"><a href=\"http:\/\/www.esdras-assurances.fr\/assurance\/wp-content\/uploads\/2014\/06\/image_140.jpg\"><img loading=\"lazy\" class=\"alignnone size-full wp-image-80\" src=\"http:\/\/www.esdras-assurances.fr\/assurance\/wp-content\/uploads\/2014\/06\/image_140.jpg\" alt=\"image_140\" width=\"89\" height=\"67\" \/><\/a><\/p>\n<\/td>\n<td><a title=\"Couverture pour les professionnels\" href=\"http:\/\/www.esdras-assurances.fr\/assurance\/?page_id=85\">Converture pour les professionnels<\/a><br \/>\nUne couverture pour RC pro,\u00a0MRP, TPM,TPV, couverture d&rsquo;\u00e9v\u00e8nements, etc&#8230;<\/td>\n<\/tr>\n<\/tbody>\n<\/table>\n<\/td>\n<\/tr>\n<\/tbody>\n<\/table>\n","protected":false},"excerpt":{"rendered":"<p>Poss\u00e9der une assurance pour vous et pour vos biens est devenu essentiel (et parfois m\u00eame obligatoire), mais quel partenaire vous apportera la bonne garantie, au bon moment? Esdras Assurances est l\u00e0 pour vous \u00e9couter et vous conseiller dans tous ces domaines ! &nbsp; Mutuelle de groupe Couvrez vos employ\u00e9s au quotidien Contrat flotte Une gamme [&hellip;]<\/p>\n","protected":false},"author":1,"featured_media":0,"parent":0,"menu_order":0,"comment_status":"closed","ping_status":"closed","template":"","meta":[],"yoast_head":"<!-- This site is optimized with the Yoast SEO plugin v18.7 - https:\/\/yoast.com\/wordpress\/plugins\/seo\/ -->\n<title>Professionnels - Esdras Assurances<\/title>\n<meta name=\"robots\" content=\"index, follow, max-snippet:-1, max-image-preview:large, max-video-preview:-1\" \/>\n<link rel=\"canonical\" href=\"https:\/\/www.esdras-assurances.fr\/assurance\/?page_id=77\" \/>\n<meta property=\"og:locale\" content=\"fr_FR\" \/>\n<meta property=\"og:type\" content=\"article\" \/>\n<meta property=\"og:title\" content=\"Professionnels - Esdras Assurances\" \/>\n<meta property=\"og:description\" content=\"Poss\u00e9der une assurance pour vous et pour vos biens est devenu essentiel (et parfois m\u00eame obligatoire), mais quel partenaire vous apportera la bonne garantie, au bon moment? Esdras Assurances est l\u00e0 pour vous \u00e9couter et vous conseiller dans tous ces domaines ! &nbsp; Mutuelle de groupe Couvrez vos employ\u00e9s au quotidien Contrat flotte Une gamme [&hellip;]\" \/>\n<meta property=\"og:url\" content=\"https:\/\/www.esdras-assurances.fr\/assurance\/?page_id=77\" \/>\n<meta property=\"og:site_name\" content=\"Esdras Assurances\" \/>\n<meta property=\"article:modified_time\" content=\"2014-07-02T13:04:23+00:00\" \/>\n<meta property=\"og:image\" content=\"http:\/\/www.esdras-assurances.fr\/assurance\/wp-content\/uploads\/2014\/06\/image_138.jpg\" \/>\n<script type=\"application\/ld+json\" class=\"yoast-schema-graph\">{\"@context\":\"https:\/\/schema.org\",\"@graph\":[{\"@type\":\"WebSite\",\"@id\":\"https:\/\/www.esdras-assurances.fr\/assurance\/#website\",\"url\":\"https:\/\/www.esdras-assurances.fr\/assurance\/\",\"name\":\"Esdras Assurances\",\"description\":\"Nous faisons aux autres ce que nous voudrions qu&#039;ils nous fassent !\",\"potentialAction\":[{\"@type\":\"SearchAction\",\"target\":{\"@type\":\"EntryPoint\",\"urlTemplate\":\"https:\/\/www.esdras-assurances.fr\/assurance\/?s={search_term_string}\"},\"query-input\":\"required name=search_term_string\"}],\"inLanguage\":\"fr-FR\"},{\"@type\":\"ImageObject\",\"inLanguage\":\"fr-FR\",\"@id\":\"https:\/\/www.esdras-assurances.fr\/assurance\/?page_id=77#primaryimage\",\"url\":\"https:\/\/www.esdras-assurances.fr\/assurance\/wp-content\/uploads\/2014\/06\/image_138.jpg\",\"contentUrl\":\"https:\/\/www.esdras-assurances.fr\/assurance\/wp-content\/uploads\/2014\/06\/image_138.jpg\",\"width\":89,\"height\":67},{\"@type\":\"WebPage\",\"@id\":\"https:\/\/www.esdras-assurances.fr\/assurance\/?page_id=77#webpage\",\"url\":\"https:\/\/www.esdras-assurances.fr\/assurance\/?page_id=77\",\"name\":\"Professionnels - Esdras Assurances\",\"isPartOf\":{\"@id\":\"https:\/\/www.esdras-assurances.fr\/assurance\/#website\"},\"primaryImageOfPage\":{\"@id\":\"https:\/\/www.esdras-assurances.fr\/assurance\/?page_id=77#primaryimage\"},\"datePublished\":\"2014-06-23T13:01:55+00:00\",\"dateModified\":\"2014-07-02T13:04:23+00:00\",\"breadcrumb\":{\"@id\":\"https:\/\/www.esdras-assurances.fr\/assurance\/?page_id=77#breadcrumb\"},\"inLanguage\":\"fr-FR\",\"potentialAction\":[{\"@type\":\"ReadAction\",\"target\":[\"https:\/\/www.esdras-assurances.fr\/assurance\/?page_id=77\"]}]},{\"@type\":\"BreadcrumbList\",\"@id\":\"https:\/\/www.esdras-assurances.fr\/assurance\/?page_id=77#breadcrumb\",\"itemListElement\":[{\"@type\":\"ListItem\",\"position\":1,\"name\":\"Accueil\",\"item\":\"https:\/\/www.esdras-assurances.fr\/assurance\/\"},{\"@type\":\"ListItem\",\"position\":2,\"name\":\"Professionnels\"}]}]}<\/script>\n<!-- \/ Yoast SEO plugin. -->","yoast_head_json":{"title":"Professionnels - Esdras Assurances","robots":{"index":"index","follow":"follow","max-snippet":"max-snippet:-1","max-image-preview":"max-image-preview:large","max-video-preview":"max-video-preview:-1"},"canonical":"https:\/\/www.esdras-assurances.fr\/assurance\/?page_id=77","og_locale":"fr_FR","og_type":"article","og_title":"Professionnels - Esdras Assurances","og_description":"Poss\u00e9der une assurance pour vous et pour vos biens est devenu essentiel (et parfois m\u00eame obligatoire), mais quel partenaire vous apportera la bonne garantie, au bon moment? Esdras Assurances est l\u00e0 pour vous \u00e9couter et vous conseiller dans tous ces domaines ! &nbsp; Mutuelle de groupe Couvrez vos employ\u00e9s au quotidien Contrat flotte Une gamme [&hellip;]","og_url":"https:\/\/www.esdras-assurances.fr\/assurance\/?page_id=77","og_site_name":"Esdras Assurances","article_modified_time":"2014-07-02T13:04:23+00:00","og_image":[{"url":"http:\/\/www.esdras-assurances.fr\/assurance\/wp-content\/uploads\/2014\/06\/image_138.jpg"}],"schema":{"@context":"https:\/\/schema.org","@graph":[{"@type":"WebSite","@id":"https:\/\/www.esdras-assurances.fr\/assurance\/#website","url":"https:\/\/www.esdras-assurances.fr\/assurance\/","name":"Esdras Assurances","description":"Nous faisons aux autres ce que nous voudrions qu&#039;ils nous fassent !","potentialAction":[{"@type":"SearchAction","target":{"@type":"EntryPoint","urlTemplate":"https:\/\/www.esdras-assurances.fr\/assurance\/?s={search_term_string}"},"query-input":"required name=search_term_string"}],"inLanguage":"fr-FR"},{"@type":"ImageObject","inLanguage":"fr-FR","@id":"https:\/\/www.esdras-assurances.fr\/assurance\/?page_id=77#primaryimage","url":"https:\/\/www.esdras-assurances.fr\/assurance\/wp-content\/uploads\/2014\/06\/image_138.jpg","contentUrl":"https:\/\/www.esdras-assurances.fr\/assurance\/wp-content\/uploads\/2014\/06\/image_138.jpg","width":89,"height":67},{"@type":"WebPage","@id":"https:\/\/www.esdras-assurances.fr\/assurance\/?page_id=77#webpage","url":"https:\/\/www.esdras-assurances.fr\/assurance\/?page_id=77","name":"Professionnels - Esdras Assurances","isPartOf":{"@id":"https:\/\/www.esdras-assurances.fr\/assurance\/#website"},"primaryImageOfPage":{"@id":"https:\/\/www.esdras-assurances.fr\/assurance\/?page_id=77#primaryimage"},"datePublished":"2014-06-23T13:01:55+00:00","dateModified":"2014-07-02T13:04:23+00:00","breadcrumb":{"@id":"https:\/\/www.esdras-assurances.fr\/assurance\/?page_id=77#breadcrumb"},"inLanguage":"fr-FR","potentialAction":[{"@type":"ReadAction","target":["https:\/\/www.esdras-assurances.fr\/assurance\/?page_id=77"]}]},{"@type":"BreadcrumbList","@id":"https:\/\/www.esdras-assurances.fr\/assurance\/?page_id=77#breadcrumb","itemListElement":[{"@type":"ListItem","position":1,"name":"Accueil","item":"https:\/\/www.esdras-assurances.fr\/assurance\/"},{"@type":"ListItem","position":2,"name":"Professionnels"}]}]}},"_links":{"self":[{"href":"https:\/\/www.esdras-assurances.fr\/assurance\/index.php?rest_route=\/wp\/v2\/pages\/77"}],"collection":[{"href":"https:\/\/www.esdras-assurances.fr\/assurance\/index.php?rest_route=\/wp\/v2\/pages"}],"about":[{"href":"https:\/\/www.esdras-assurances.fr\/assurance\/index.php?rest_route=\/wp\/v2\/types\/page"}],"author":[{"embeddable":true,"href":"https:\/\/www.esdras-assurances.fr\/assurance\/index.php?rest_route=\/wp\/v2\/users\/1"}],"replies":[{"embeddable":true,"href":"https:\/\/www.esdras-assurances.fr\/assurance\/index.php?rest_route=%2Fwp%2Fv2%2Fcomments&post=77"}],"version-history":[{"count":4,"href":"https:\/\/www.esdras-assurances.fr\/assurance\/index.php?rest_route=\/wp\/v2\/pages\/77\/revisions"}],"predecessor-version":[{"id":99,"href":"https:\/\/www.esdras-assurances.fr\/assurance\/index.php?rest_route=\/wp\/v2\/pages\/77\/revisions\/99"}],"wp:attachment":[{"href":"https:\/\/www.esdras-assurances.fr\/assurance\/index.php?rest_route=%2Fwp%2Fv2%2Fmedia&parent=77"}],"curies":[{"name":"wp","href":"https:\/\/api.w.org\/{rel}","templated":true}]}}